{"id":5976,"date":"2020-06-30T15:30:56","date_gmt":"2020-06-30T20:30:56","guid":{"rendered":"http:\/\/35.188.212.190\/?page_id=5976"},"modified":"2021-11-08T15:57:09","modified_gmt":"2021-11-08T20:57:09","slug":"precio","status":"publish","type":"page","link":"https:\/\/www.billy.com.co\/index.php\/precio\/","title":{"rendered":"Precio facturaci\u00f3n electr\u00f3nica"},"content":{"rendered":"\t\t<div data-elementor-type=\"wp-page\" data-elementor-id=\"5976\" class=\"elementor elementor-5976\" data-elementor-settings=\"[]\">\n\t\t\t\t\t\t<div class=\"elementor-inner\">\n\t\t\t\t\t\t\t<div class=\"elementor-section-wrap\">\n\t\t\t\t\t\t\t<section class=\"elementor-section elementor-top-section elementor-element elementor-element-4c327de elementor-section-boxed elementor-section-height-default elementor-section-height-default\" data-id=\"4c327de\" data-element_type=\"section\" data-settings=\"{&quot;background_background&quot;:&quot;classic&quot;}\">\n\t\t\t\t\t\t<div class=\"elementor-container elementor-column-gap-default\">\n\t\t\t\t\t\t\t<div class=\"elementor-row\">\n\t\t\t\t\t<div class=\"elementor-column elementor-col-100 elementor-top-column elementor-element elementor-element-2c11657\" data-id=\"2c11657\" data-element_type=\"column\">\n\t\t\t<div class=\"elementor-column-wrap\">\n\t\t\t\t\t\t\t<div class=\"elementor-widget-wrap\">\n\t\t\t\t\t\t\t\t<\/div>\n\t\t\t\t\t<\/div>\n\t\t<\/div>\n\t\t\t\t\t\t\t\t<\/div>\n\t\t\t\t\t<\/div>\n\t\t<\/section>\n\t\t\t\t<section class=\"elementor-section elementor-top-section elementor-element elementor-element-9fdad5f elementor-section-boxed elementor-section-height-default elementor-section-height-default\" data-id=\"9fdad5f\" data-element_type=\"section\" data-settings=\"{&quot;background_background&quot;:&quot;classic&quot;}\">\n\t\t\t\t\t\t<div class=\"elementor-container elementor-column-gap-default\">\n\t\t\t\t\t\t\t<div class=\"elementor-row\">\n\t\t\t\t\t<div class=\"elementor-column elementor-col-100 elementor-top-column elementor-element elementor-element-f4d1da8\" data-id=\"f4d1da8\" data-element_type=\"column\">\n\t\t\t<div class=\"elementor-column-wrap elementor-element-populated\">\n\t\t\t\t\t\t\t<div class=\"elementor-widget-wrap\">\n\t\t\t\t\t\t<div class=\"elementor-element elementor-element-93cc27b elementor-widget elementor-widget-heading\" data-id=\"93cc27b\" data-element_type=\"widget\" data-widget_type=\"heading.default\">\n\t\t\t\t<div class=\"elementor-widget-container\">\n\t\t\t<h2 class=\"elementor-heading-title elementor-size-default\">FACTURACI\u00d3N ELECTR\u00d3NICA<\/h2>\t\t<\/div>\n\t\t\t\t<\/div>\n\t\t\t\t<section class=\"elementor-section elementor-inner-section elementor-element elementor-element-709942e elementor-section-boxed elementor-section-height-default elementor-section-height-default\" data-id=\"709942e\" data-element_type=\"section\">\n\t\t\t\t\t\t<div class=\"elementor-container elementor-column-gap-default\">\n\t\t\t\t\t\t\t<div class=\"elementor-row\">\n\t\t\t\t\t<div class=\"elementor-column elementor-col-33 elementor-inner-column elementor-element elementor-element-f58d49a\" data-id=\"f58d49a\" data-element_type=\"column\">\n\t\t\t<div class=\"elementor-column-wrap elementor-element-populated\">\n\t\t\t\t\t\t\t<div class=\"elementor-widget-wrap\">\n\t\t\t\t\t\t<div class=\"elementor-element elementor-element-a04f9e2 elementor-widget__width-initial elementor-widget elementor-widget-elementskit-pricing\" data-id=\"a04f9e2\" data-element_type=\"widget\" data-widget_type=\"elementskit-pricing.default\">\n\t\t\t\t<div class=\"elementor-widget-container\">\n\t\t\t<div class=\"ekit-wid-con\" >\n\n        <div class=\"elementskit-single-pricing \" >\n            <div class=\"elementskit-pricing-header \">\n\t\t\t\t\t\t\t\t\t\t\t\t\t\n\t\t\t\t\t<svg xmlns=\"http:\/\/www.w3.org\/2000\/svg\" id=\"Capa_1\" data-name=\"Capa 1\" viewBox=\"0 0 500 500\"><defs><style>.cls-1{fill:#0f4a8c;}<\/style><\/defs><g id=\"Contact_form\" data-name=\"Contact form\"><path class=\"cls-1\" d=\"M341.66,100H108.33A8.33,8.33,0,0,1,100,91.67v-50a8.33,8.33,0,0,1,8.33-8.34H341.66A8.33,8.33,0,0,1,350,41.67v50A8.33,8.33,0,0,1,341.66,100Zm-225-16.67H333.33V50H116.67Z\"><\/path><path class=\"cls-1\" d=\"M108.33,191.66h50a8.33,8.33,0,0,0,0-16.66H116.67V141.66h38.21l-13.21,13.22-10.78-10.77a8.33,8.33,0,0,0-12,11.57l.21.21,16.66,16.67a8.35,8.35,0,0,0,11.79,0l41.66-41.67a8.33,8.33,0,0,0-11.78-11.78l-11.35,11.35a8.33,8.33,0,0,0-7.76-5.46h-50a8.33,8.33,0,0,0-8.33,8.33v50A8.33,8.33,0,0,0,108.33,191.66Z\"><\/path><path class=\"cls-1\" d=\"M177.44,202.44l-11.35,11.35a8.34,8.34,0,0,0-7.76-5.46h-50a8.33,8.33,0,0,0-8.33,8.33v50a8.34,8.34,0,0,0,8.33,8.34h50a8.34,8.34,0,0,0,0-16.67H116.67V225h38.21l-13.21,13.21-10.78-10.77a8.33,8.33,0,1,0-12,11.58l.21.2,16.66,16.67a8.35,8.35,0,0,0,11.79,0l41.66-41.67a8.33,8.33,0,0,0-11.78-11.78Z\"><\/path><path class=\"cls-1\" d=\"M177.44,285.77l-11.35,11.35a8.34,8.34,0,0,0-7.76-5.46h-50A8.33,8.33,0,0,0,100,300v50a8.33,8.33,0,0,0,8.33,8.34h50a8.34,8.34,0,0,0,0-16.67H116.67V308.33h38.21l-13.21,13.21-10.78-10.77a8.33,8.33,0,0,0-12,11.58l.21.2,16.66,16.67a8.35,8.35,0,0,0,11.79,0l41.66-41.67a8.33,8.33,0,0,0-11.78-11.78Z\"><\/path><path class=\"cls-1\" d=\"M341.66,191.66H208.33a8.33,8.33,0,0,1,0-16.66H341.66a8.33,8.33,0,0,1,0,16.66Z\"><\/path><path class=\"cls-1\" d=\"M341.66,191.66H208.33a8.33,8.33,0,0,1,0-16.66H341.66a8.33,8.33,0,0,1,0,16.66Z\"><\/path><path class=\"cls-1\" d=\"M283.33,275h-75a8.34,8.34,0,0,1,0-16.67h75a8.34,8.34,0,0,1,0,16.67Z\"><\/path><path class=\"cls-1\" d=\"M444.69,267.66,400,223V8.33A8.33,8.33,0,0,0,391.66,0H58.33A8.33,8.33,0,0,0,50,8.33V400a8.33,8.33,0,0,0,8.33,8.34H299a90.85,90.85,0,0,0,14.38,64.1l3.33,5.07v14.16a8.34,8.34,0,0,0,16.67,0V475a8.4,8.4,0,0,0-1.39-4.61l-4.77-7.19a74.27,74.27,0,0,1-11.3-54.86h28.42a60.85,60.85,0,0,0,12,25.4l3.92,4.84a8.33,8.33,0,1,0,13.21-10.16l-.26-.33-3.88-4.79a44.18,44.18,0,0,1,.83-56.21,8.33,8.33,0,0,0-.44-11.31L325.91,312a16.84,16.84,0,0,1-.06-23.6,17.24,17.24,0,0,1,23.67-.05l58.92,58.91a8.33,8.33,0,0,0,11.78-11.78L400,315.29V246.53l32.92,32.92A58,58,0,0,1,450,320.69V434.86A41.48,41.48,0,0,1,443,458l-5.44,8.17a24.91,24.91,0,0,0-4.16,14l.05,11.58a8.34,8.34,0,0,0,8.34,8.29h0a8.34,8.34,0,0,0,8.26-8.34L450,480a8.39,8.39,0,0,1,1.4-4.66l5.44-8.17a58,58,0,0,0,9.83-32.36V320.69A74.52,74.52,0,0,0,444.69,267.66Zm-83.44,8.89a34.17,34.17,0,0,0-47.17.08,33.58,33.58,0,0,0,0,47.17l38.67,38.69a60.36,60.36,0,0,0-9.56,29.17H66.67v-375H383.33v282Z\"><\/path><path class=\"cls-1\" d=\"M200,350a8.33,8.33,0,0,0,8.33,8.34h100a8.34,8.34,0,0,0,0-16.67h-100A8.33,8.33,0,0,0,200,350Z\"><\/path><path class=\"cls-1\" d=\"M341.66,158.33H208.33a8.34,8.34,0,0,1,0-16.67H341.66a8.34,8.34,0,0,1,0,16.67Z\"><\/path><path class=\"cls-1\" d=\"M341.66,241.66H208.33a8.33,8.33,0,0,1,0-16.66H341.66a8.33,8.33,0,0,1,0,16.66Z\"><\/path><path class=\"cls-1\" d=\"M283.33,325h-75a8.33,8.33,0,1,1,0-16.66h75a8.33,8.33,0,0,1,0,16.66Z\"><\/path><\/g><\/svg>\t\t\t\t\t\t\t\t\t\n\t\t\t\t\n\t\t\t\t                \t<h3\t\t\t\t\tclass=\" elementskit-pricing-title\">BILLY EST\u00c1NDAR\t\t\t\t\t<\/h3>\n\t\t\t\t\t\t\t\t                \t<p class=\" elementskit-pricing-subtitle\">Hasta 100 facturas al mes.*<\/p>\n\t\t\t\t            <\/div>\n\t\t\t            <div class=\" elementskit-pricing-price-wraper has-tag \">\n                <div class=\"elementskit-pricing-tag\"><\/div>\n                <span class=\"elementskit-pricing-price\">\n\t\t\t\t\t\t\t\t\t\t\t<sup class=\"currency\"> <\/sup>\n\t\t\t\t\t\t\t\t\t\t<span>GRATIS<\/span>\n\t\t\t\t\t\n\t\t\t\t\t\t\t\t\t\t<sub class=\"period\"> <\/sub>\n\t\t\t\t\t\t\t\t\t<\/span>\n            <\/div>\n\t\t\t            <div class=\"elementskit-pricing-content \">\n\n                                                    <ul class=\"elementskit-pricing-lists\">\n                        \t\t\t\t\t\t\t<li class=\"elementor-repeater-item-e065b1c\">\n\t\t\t\t\t\t\t\t<i aria-hidden=\"true\" class=\"fas fa-check-circle\"><\/i>\t\t\t\t\t\t\t\t\n\t\t\t\t\t\t\t\tFirma digital incluida.\t\t\t\t\t\t\t\t\n\t\t\t\t\t\t\t\t\t\t\t\t\t\t\t<\/li>\n                        \t\t\t\t\t\t\t<li class=\"elementor-repeater-item-f1f19b5\">\n\t\t\t\t\t\t\t\t<i aria-hidden=\"true\" class=\"fas fa-check-circle\"><\/i>\t\t\t\t\t\t\t\t\n\t\t\t\t\t\t\t\tFormulario est\u00e1ndar de creaci\u00f3n de facturas electr\u00f3nicas.\t\t\t\t\t\t\t\t\n\t\t\t\t\t\t\t\t\t\t\t\t\t\t\t<\/li>\n                        \t\t\t\t\t\t\t<li class=\"elementor-repeater-item-ef2e013\">\n\t\t\t\t\t\t\t\t<i aria-hidden=\"true\" class=\"fas fa-check-circle\"><\/i>\t\t\t\t\t\t\t\t\n\t\t\t\t\t\t\t\tComponente de administraci\u00f3n de \u00edtems.\t\t\t\t\t\t\t\t\n\t\t\t\t\t\t\t\t\t\t\t\t\t\t\t<\/li>\n                        \t\t\t\t\t\t\t<li class=\"elementor-repeater-item-02c9ada\">\n\t\t\t\t\t\t\t\t<i aria-hidden=\"true\" class=\"fas fa-check-circle\"><\/i>\t\t\t\t\t\t\t\t\n\t\t\t\t\t\t\t\tFormulario de creaci\u00f3n de clientes.\t\t\t\t\t\t\t\t\n\t\t\t\t\t\t\t\t\t\t\t\t\t\t\t<\/li>\n                        \t\t\t\t\t\t\t<li class=\"elementor-repeater-item-ae8b2bb\">\n\t\t\t\t\t\t\t\t<i aria-hidden=\"true\" class=\"fas fa-check-circle\"><\/i>\t\t\t\t\t\t\t\t\n\t\t\t\t\t\t\t\tNotificaciones en tiempo real a trav\u00e9s de correo electr\u00f3nico.\t\t\t\t\t\t\t\t\n\t\t\t\t\t\t\t\t\t\t\t\t\t\t\t<\/li>\n                        \t\t\t\t\t\t\t<li class=\"elementor-repeater-item-571ec06\">\n\t\t\t\t\t\t\t\t<i aria-hidden=\"true\" class=\"fas fa-check-circle\"><\/i>\t\t\t\t\t\t\t\t\n\t\t\t\t\t\t\t\tAlmacenamiento en base de datos hasta por 5 a\u00f1os.\t\t\t\t\t\t\t\t\n\t\t\t\t\t\t\t\t\t\t\t\t\t\t\t<\/li>\n                        \t\t\t\t\t\t\t<li class=\"elementor-repeater-item-a0d342a\">\n\t\t\t\t\t\t\t\t<i aria-hidden=\"true\" class=\"fas fa-check-circle\"><\/i>\t\t\t\t\t\t\t\t\n\t\t\t\t\t\t\t\tRepresentaci\u00f3n gr\u00e1fica est\u00e1ndar.\t\t\t\t\t\t\t\t\n\t\t\t\t\t\t\t\t\t\t\t\t\t\t\t<\/li>\n                                            <\/ul>\n                            <\/div>\n            <div class=\"elementskit-pricing-btn-wraper \">\n\t\t\t\t<a href=\"\/index.php\/contacto\/\" class=\"elementskit-pricing-btn  ekit-pricing-btn-icon-pos-left\" >\n\t\t\t\t\t<i aria-hidden=\"true\" class=\"fas fa-info-circle\"><\/i>M\u00e1s informaci\u00f3n\t\t\t\t<\/a>\n            <\/div>\n        <\/div>\n\n    <\/div>\t\t<\/div>\n\t\t\t\t<\/div>\n\t\t\t\t\t\t<\/div>\n\t\t\t\t\t<\/div>\n\t\t<\/div>\n\t\t\t\t<div class=\"elementor-column elementor-col-33 elementor-inner-column elementor-element elementor-element-fee861d\" data-id=\"fee861d\" data-element_type=\"column\">\n\t\t\t<div class=\"elementor-column-wrap elementor-element-populated\">\n\t\t\t\t\t\t\t<div class=\"elementor-widget-wrap\">\n\t\t\t\t\t\t<div class=\"elementor-element elementor-element-f8dad45 elementor-widget__width-initial elementor-widget elementor-widget-elementskit-pricing\" data-id=\"f8dad45\" data-element_type=\"widget\" data-widget_type=\"elementskit-pricing.default\">\n\t\t\t\t<div class=\"elementor-widget-container\">\n\t\t\t<div class=\"ekit-wid-con\" >\n\n        <div class=\"elementskit-single-pricing \" >\n            <div class=\"elementskit-pricing-header \">\n\t\t\t\t\t\t\t\t\t\t\t\t\t\n\t\t\t\t\t<svg xmlns=\"http:\/\/www.w3.org\/2000\/svg\" id=\"Capa_1\" data-name=\"Capa 1\" viewBox=\"0 0 500 500\"><defs><style>.cls-1{fill:#0f4a8c;}<\/style><\/defs><path class=\"cls-1\" d=\"M457.32,83,376.67,2.36A8.06,8.06,0,0,0,371,0H96.77a8.06,8.06,0,0,0-8.06,8.06V330.65H48.39a8.06,8.06,0,0,0-8.07,8.06v96.77a8.07,8.07,0,0,0,8.07,8.07H88.71v48.39A8.06,8.06,0,0,0,96.77,500H451.61a8.06,8.06,0,0,0,8.07-8.06V88.71A8.1,8.1,0,0,0,457.32,83ZM379,27.53l53.12,53.12H379ZM56.45,427.42V346.77H233.87v80.65Zm387.1,56.45H104.84V443.55h137.1a8.06,8.06,0,0,0,8.06-8.07V338.71a8.06,8.06,0,0,0-8.06-8.06H104.84V16.13H362.9V88.71A8.06,8.06,0,0,0,371,96.77h72.58Z\"><\/path><path class=\"cls-1\" d=\"M298.39,467.74a8.06,8.06,0,0,0,8.06,8.07h88.71a8.07,8.07,0,1,0,0-16.13H306.45A8.06,8.06,0,0,0,298.39,467.74Z\"><\/path><path class=\"cls-1\" d=\"M419.35,475.81h8.07a8.07,8.07,0,0,0,0-16.13h-8.07a8.07,8.07,0,0,0,0,16.13Z\"><\/path><path class=\"cls-1\" d=\"M111.55,406.81a8.07,8.07,0,0,1-13.42,9h0l-9.42-14.14-9.42,14.14a8.07,8.07,0,0,1-13.42-9L79,387.1,65.87,367.38a8.07,8.07,0,1,1,13.42-8.95l9.42,14.13,9.41-14.13a8.07,8.07,0,0,1,13.43,8.95L98.4,387.1Z\"><\/path><path class=\"cls-1\" d=\"M161.29,403.23H137.1V362.9a8.07,8.07,0,0,0-16.13,0v48.39a8.06,8.06,0,0,0,8.06,8.06h32.26a8.06,8.06,0,0,0,0-16.12Z\"><\/path><path class=\"cls-1\" d=\"M217.74,371a8.07,8.07,0,1,0,0-16.13H185.48a8.06,8.06,0,0,0-8.06,8.06v24.2a8.06,8.06,0,0,0,8.06,8.06h24.2v8.07h-24.2a8.06,8.06,0,0,0,0,16.12h32.26a8.06,8.06,0,0,0,8.07-8.06V387.1a8.07,8.07,0,0,0-8.07-8.07H193.55V371Z\"><\/path><path class=\"cls-1\" d=\"M371,274.19v-129a8.06,8.06,0,0,0-8.07-8.06H185.48a8.06,8.06,0,0,0-8.06,8.06v129a8.06,8.06,0,0,0,8.06,8.07H362.9A8.07,8.07,0,0,0,371,274.19Zm-137.1-8.06H193.55V241.94h40.32Zm0-40.32H193.55V193.55h40.32Zm0-48.39H193.55V153.23h40.32Zm64.52,88.71H250V241.94h48.39Zm0-40.32H250V193.55h48.39Zm0-48.39H250V153.23h48.39Zm56.45,88.71H314.52V241.94h40.32Zm0-40.32H314.52V193.55h40.32Zm0-48.39H314.52V153.23h40.32Z\"><\/path><\/svg>\t\t\t\t\t\t\t\t\t\n\t\t\t\t\n\t\t\t\t                \t<h3\t\t\t\t\tclass=\" elementskit-pricing-title\"> BILLY PLUS\t\t\t\t\t<\/h3>\n\t\t\t\t\t\t\t\t                \t<p class=\" elementskit-pricing-subtitle\">Hasta 500 facturas al mes.*<\/p>\n\t\t\t\t            <\/div>\n\t\t\t            <div class=\" elementskit-pricing-price-wraper has-tag \">\n                <div class=\"elementskit-pricing-tag\"><\/div>\n                <span class=\"elementskit-pricing-price\">\n\t\t\t\t\t\t\t\t\t\t\t<sup class=\"currency\"> <\/sup>\n\t\t\t\t\t\t\t\t\t\t<span>$80.000 <\/span>\n\t\t\t\t\t\n\t\t\t\t\t\t\t\t\t\t<sub class=\"period\"> <\/sub>\n\t\t\t\t\t\t\t\t\t<\/span>\n            <\/div>\n\t\t\t            <div class=\"elementskit-pricing-content \">\n\n                                                    <ul class=\"elementskit-pricing-lists\">\n                        \t\t\t\t\t\t\t<li class=\"elementor-repeater-item-3993112\">\n\t\t\t\t\t\t\t\t<i aria-hidden=\"true\" class=\"fas fa-check-circle\"><\/i>\t\t\t\t\t\t\t\t\n\t\t\t\t\t\t\t\tCaracter\u00edsticas del Plan Billy Est\u00e1ndar.\t\t\t\t\t\t\t\t\n\t\t\t\t\t\t\t\t\t\t\t\t\t\t\t<\/li>\n                        \t\t\t\t\t\t\t<li class=\"elementor-repeater-item-99b7847\">\n\t\t\t\t\t\t\t\t<i aria-hidden=\"true\" class=\"fas fa-check-circle\"><\/i>\t\t\t\t\t\t\t\t\n\t\t\t\t\t\t\t\tEmisi\u00f3n de facturas electr\u00f3nicas a trav\u00e9s de archivo CSV.\t\t\t\t\t\t\t\t\n\t\t\t\t\t\t\t\t\t\t\t\t\t\t\t<\/li>\n                        \t\t\t\t\t\t\t<li class=\"elementor-repeater-item-861f1bc\">\n\t\t\t\t\t\t\t\t<i aria-hidden=\"true\" class=\"fas fa-check-circle\"><\/i>\t\t\t\t\t\t\t\t\n\t\t\t\t\t\t\t\tCreaci\u00f3n de \u00edtems a trav\u00e9s de archivo CSV.\t\t\t\t\t\t\t\t\n\t\t\t\t\t\t\t\t\t\t\t\t\t\t\t<\/li>\n                        \t\t\t\t\t\t\t<li class=\"elementor-repeater-item-e2401b9\">\n\t\t\t\t\t\t\t\t<i aria-hidden=\"true\" class=\"fas fa-check-circle\"><\/i>\t\t\t\t\t\t\t\t\n\t\t\t\t\t\t\t\tCreaci\u00f3n de clientes persona natural a trav\u00e9s de archivo CSV.\t\t\t\t\t\t\t\t\n\t\t\t\t\t\t\t\t\t\t\t\t\t\t\t<\/li>\n                        \t\t\t\t\t\t\t<li class=\"elementor-repeater-item-f1f19b5\">\n\t\t\t\t\t\t\t\t<i aria-hidden=\"true\" class=\"fas fa-check-circle\"><\/i>\t\t\t\t\t\t\t\t\n\t\t\t\t\t\t\t\tRecomendada para facturadores que emitan m\u00e1s de 100 facturas al mes.\t\t\t\t\t\t\t\t\n\t\t\t\t\t\t\t\t\t\t\t\t\t\t\t<\/li>\n                        \t\t\t\t\t\t\t<li class=\"elementor-repeater-item-efa8776\">\n\t\t\t\t\t\t\t\t<i aria-hidden=\"true\" class=\"fas fa-check-circle\"><\/i>\t\t\t\t\t\t\t\t\n\t\t\t\t\t\t\t\tSoporte personalizado para habilitaci\u00f3n como facturador.\t\t\t\t\t\t\t\t\n\t\t\t\t\t\t\t\t\t\t\t\t\t\t\t<\/li>\n                                            <\/ul>\n                            <\/div>\n            <div class=\"elementskit-pricing-btn-wraper \">\n\t\t\t\t<a href=\"\/index.php\/contacto\/\" class=\"elementskit-pricing-btn  ekit-pricing-btn-icon-pos-left\" >\n\t\t\t\t\t<i aria-hidden=\"true\" class=\"fas fa-info-circle\"><\/i>M\u00e1s informaci\u00f3n\t\t\t\t<\/a>\n            <\/div>\n        <\/div>\n\n    <\/div>\t\t<\/div>\n\t\t\t\t<\/div>\n\t\t\t\t\t\t<\/div>\n\t\t\t\t\t<\/div>\n\t\t<\/div>\n\t\t\t\t<div class=\"elementor-column elementor-col-33 elementor-inner-column elementor-element elementor-element-63427b6\" data-id=\"63427b6\" data-element_type=\"column\">\n\t\t\t<div class=\"elementor-column-wrap elementor-element-populated\">\n\t\t\t\t\t\t\t<div class=\"elementor-widget-wrap\">\n\t\t\t\t\t\t<div class=\"elementor-element elementor-element-8e16701 elementor-widget__width-initial elementor-widget elementor-widget-elementskit-pricing\" data-id=\"8e16701\" data-element_type=\"widget\" data-widget_type=\"elementskit-pricing.default\">\n\t\t\t\t<div class=\"elementor-widget-container\">\n\t\t\t<div class=\"ekit-wid-con\" >\n\n        <div class=\"elementskit-single-pricing \" >\n            <div class=\"elementskit-pricing-header \">\n\t\t\t\t\t\t\t\t\t\t\t\t\t\n\t\t\t\t\t<svg xmlns=\"http:\/\/www.w3.org\/2000\/svg\" id=\"Capa_1\" data-name=\"Capa 1\" viewBox=\"0 0 500 500\"><defs><style>.cls-1{fill:#0f4a8c;}<\/style><\/defs><path class=\"cls-1\" d=\"M491.94,419.35h-8.07V153.23A24.22,24.22,0,0,0,459.68,129H403.23V8.06A8.07,8.07,0,0,0,395.16,0H104.84a8.07,8.07,0,0,0-8.07,8.06V129H40.32a24.22,24.22,0,0,0-24.19,24.2V419.35H8.06A8.07,8.07,0,0,0,0,427.42v32.26A40.37,40.37,0,0,0,40.32,500H459.68A40.37,40.37,0,0,0,500,459.68V427.42A8.07,8.07,0,0,0,491.94,419.35ZM312.15,333l-13.76-13.77V290.32h48.38v28.92L333,333a8,8,0,0,0-2.36,5.7V387.1H314.52V338.71A8,8,0,0,0,312.15,333Zm34.62-58.82H298.39V258.06h48.38Zm0,67.86,13.77-13.77a8,8,0,0,0,2.36-5.7V250a8.06,8.06,0,0,0-8.06-8.06H290.32a8.06,8.06,0,0,0-8.06,8.06v72.58a8,8,0,0,0,2.36,5.7l13.77,13.77V387.1H217.74v-35C237.24,342.49,250,322,250,299.31c0-24.69-15.09-46.83-37.54-55.08a8.06,8.06,0,0,0-10.85,7.56v44.27l-8.06,8.41-8.07-8.41V251.78a8.06,8.06,0,0,0-10.84-7.56c-22.45,8.26-37.54,30.4-37.54,55.09,0,22.66,12.75,43.18,32.25,52.77v35H64.52V177.42H96.77v40.32a8.08,8.08,0,0,0,8.07,8.07H395.16a8.08,8.08,0,0,0,8.07-8.07V177.42h32.25V387.1H346.77Zm-166.56-2.84c-16.14-5.95-27-22-27-39.9a43.18,43.18,0,0,1,16.12-33.87v33.87a8.07,8.07,0,0,0,2.25,5.59l16.13,16.79a8.28,8.28,0,0,0,11.63,0l16.13-16.79a8,8,0,0,0,2.25-5.59V265.44a43.16,43.16,0,0,1,16.13,33.87c0,17.92-10.85,33.95-27,39.9a8.07,8.07,0,0,0-5.28,7.56V387.1H185.48V346.77a8.06,8.06,0,0,0-5.27-7.56ZM112.9,80.65H387.1v129H112.9ZM387.1,16.13V64.52H112.9V16.13ZM32.26,153.23a8.08,8.08,0,0,1,8.06-8.07H96.77v16.13H56.45a8.06,8.06,0,0,0-8.06,8.06V395.16a8.07,8.07,0,0,0,8.06,8.07h387.1a8.07,8.07,0,0,0,8.06-8.07V169.35a8.06,8.06,0,0,0-8.06-8.06H403.23V145.16h56.45a8.08,8.08,0,0,1,8.06,8.07V419.35H32.26ZM483.87,459.68a24.22,24.22,0,0,1-24.19,24.19H40.32a24.22,24.22,0,0,1-24.19-24.19v-24.2H483.87Z\"><\/path><path class=\"cls-1\" d=\"M193.55,96.77A32.29,32.29,0,0,0,161.29,129v64.52h16.13V161.29h32.26v32.26h16.13V129A32.29,32.29,0,0,0,193.55,96.77Zm-16.13,48.39V129a16.13,16.13,0,1,1,32.26,0v16.13Z\"><\/path><path class=\"cls-1\" d=\"M274.19,96.77H250a8.07,8.07,0,0,0-8.06,8.07v88.71h16.12V161.29h16.13a32.26,32.26,0,0,0,0-64.52Zm0,48.39H258.06V112.9h16.13a16.13,16.13,0,0,1,0,32.26Z\"><\/path><path class=\"cls-1\" d=\"M322.58,96.77h16.13v96.78H322.58Z\"><\/path><path class=\"cls-1\" d=\"M451.61,451.61h16.13v16.13H451.61Z\"><\/path><path class=\"cls-1\" d=\"M419.35,451.61h16.13v16.13H419.35Z\"><\/path><path class=\"cls-1\" d=\"M387.1,451.61h16.13v16.13H387.1Z\"><\/path><path class=\"cls-1\" d=\"M354.84,32.26H371V48.39H354.84Z\"><\/path><path class=\"cls-1\" d=\"M322.58,32.26h16.13V48.39H322.58Z\"><\/path><path class=\"cls-1\" d=\"M290.32,32.26h16.13V48.39H290.32Z\"><\/path><\/svg>\t\t\t\t\t\t\t\t\t\n\t\t\t\t\n\t\t\t\t                \t<h3\t\t\t\t\tclass=\" elementskit-pricing-title\">BILLY INTEGRAL\t\t\t\t\t<\/h3>\n\t\t\t\t\t\t\t\t                \t<p class=\" elementskit-pricing-subtitle\">Genera autom\u00e1ticamente tus facturas electr\u00f3nicas a trav\u00e9s de nuestra API de integraci\u00f3n.<\/p>\n\t\t\t\t            <\/div>\n\t\t\t            <div class=\" elementskit-pricing-price-wraper has-tag \">\n                <div class=\"elementskit-pricing-tag\"><\/div>\n                <span class=\"elementskit-pricing-price\">\n\t\t\t\t\t\t\t\t\t\t\t<sup class=\"currency\"> <\/sup>\n\t\t\t\t\t\t\t\t\t\t<span>CONT\u00c1CTANOS<\/span>\n\t\t\t\t\t\n\t\t\t\t\t\t\t\t\t\t<sub class=\"period\">  <\/sub>\n\t\t\t\t\t\t\t\t\t<\/span>\n            <\/div>\n\t\t\t            <div class=\"elementskit-pricing-content \">\n\n                                                    <ul class=\"elementskit-pricing-lists\">\n                        \t\t\t\t\t\t\t<li class=\"elementor-repeater-item-3993112\">\n\t\t\t\t\t\t\t\t<i aria-hidden=\"true\" class=\"fas fa-check-circle\"><\/i>\t\t\t\t\t\t\t\t\n\t\t\t\t\t\t\t\tCaracter\u00edsticas del Plan Billy Plus.\t\t\t\t\t\t\t\t\n\t\t\t\t\t\t\t\t\t\t\t\t\t\t\t<\/li>\n                        \t\t\t\t\t\t\t<li class=\"elementor-repeater-item-99b7847\">\n\t\t\t\t\t\t\t\t<i aria-hidden=\"true\" class=\"fas fa-check-circle\"><\/i>\t\t\t\t\t\t\t\t\n\t\t\t\t\t\t\t\tIdeal si requieres integraci\u00f3n con ERP, CRM, e-commerce y otros aplicativos.\t\t\t\t\t\t\t\t\n\t\t\t\t\t\t\t\t\t\t\t\t\t\t\t<\/li>\n                        \t\t\t\t\t\t\t<li class=\"elementor-repeater-item-f1f19b5\">\n\t\t\t\t\t\t\t\t<i aria-hidden=\"true\" class=\"fas fa-check-circle\"><\/i>\t\t\t\t\t\t\t\t\n\t\t\t\t\t\t\t\tRecomendada para facturadores que emitan m\u00e1s de 100 facturas al mes.\t\t\t\t\t\t\t\t\n\t\t\t\t\t\t\t\t\t\t\t\t\t\t\t<\/li>\n                        \t\t\t\t\t\t\t<li class=\"elementor-repeater-item-efa8776\">\n\t\t\t\t\t\t\t\t<i aria-hidden=\"true\" class=\"fas fa-check-circle\"><\/i>\t\t\t\t\t\t\t\t\n\t\t\t\t\t\t\t\tDocumentaci\u00f3n t\u00e9cnica para desarrollo.\t\t\t\t\t\t\t\t\n\t\t\t\t\t\t\t\t\t\t\t\t\t\t\t<\/li>\n                        \t\t\t\t\t\t\t<li class=\"elementor-repeater-item-8fd0289\">\n\t\t\t\t\t\t\t\t<i aria-hidden=\"true\" class=\"fas fa-check-circle\"><\/i>\t\t\t\t\t\t\t\t\n\t\t\t\t\t\t\t\tSoporte t\u00e9cnico en el proceso de implementaci\u00f3n y desarrollo.\t\t\t\t\t\t\t\t\n\t\t\t\t\t\t\t\t\t\t\t\t\t\t\t<\/li>\n                                            <\/ul>\n                            <\/div>\n            <div class=\"elementskit-pricing-btn-wraper \">\n\t\t\t\t<a href=\"\/index.php\/contacto\/\" class=\"elementskit-pricing-btn  ekit-pricing-btn-icon-pos-left\" >\n\t\t\t\t\t<i aria-hidden=\"true\" class=\"fas fa-info-circle\"><\/i>M\u00e1s informaci\u00f3n\t\t\t\t<\/a>\n            <\/div>\n        <\/div>\n\n    <\/div>\t\t<\/div>\n\t\t\t\t<\/div>\n\t\t\t\t\t\t<\/div>\n\t\t\t\t\t<\/div>\n\t\t<\/div>\n\t\t\t\t\t\t\t\t<\/div>\n\t\t\t\t\t<\/div>\n\t\t<\/section>\n\t\t\t\t<section class=\"elementor-section elementor-inner-section elementor-element elementor-element-e593c4c elementor-section-boxed elementor-section-height-default elementor-section-height-default\" data-id=\"e593c4c\" data-element_type=\"section\">\n\t\t\t\t\t\t<div class=\"elementor-container elementor-column-gap-default\">\n\t\t\t\t\t\t\t<div class=\"elementor-row\">\n\t\t\t\t\t<div class=\"elementor-column elementor-col-100 elementor-inner-column elementor-element elementor-element-5d04708\" data-id=\"5d04708\" data-element_type=\"column\">\n\t\t\t<div class=\"elementor-column-wrap elementor-element-populated\">\n\t\t\t\t\t\t\t<div class=\"elementor-widget-wrap\">\n\t\t\t\t\t\t<div class=\"elementor-element elementor-element-cb53d23 elementor-align-left elementor-icon-list--layout-traditional elementor-list-item-link-full_width elementor-widget elementor-widget-icon-list\" data-id=\"cb53d23\" data-element_type=\"widget\" data-widget_type=\"icon-list.default\">\n\t\t\t\t<div class=\"elementor-widget-container\">\n\t\t\t\t\t<ul class=\"elementor-icon-list-items\">\n\t\t\t\t\t\t\t<li class=\"elementor-icon-list-item\">\n\t\t\t\t\t\t\t\t\t\t\t<span class=\"elementor-icon-list-icon\">\n\t\t\t\t\t\t\t<i aria-hidden=\"true\" class=\"fas fa-asterisk\"><\/i>\t\t\t\t\t\t<\/span>\n\t\t\t\t\t\t\t\t\t\t<span class=\"elementor-icon-list-text\">$100 pesos factura adicional.<\/span>\n\t\t\t\t\t\t\t\t\t<\/li>\n\t\t\t\t\t\t\t\t<li class=\"elementor-icon-list-item\">\n\t\t\t\t\t\t\t\t\t\t\t<span class=\"elementor-icon-list-icon\">\n\t\t\t\t\t\t\t<i aria-hidden=\"true\" class=\"fas fa-asterisk\"><\/i>\t\t\t\t\t\t<\/span>\n\t\t\t\t\t\t\t\t\t\t<span class=\"elementor-icon-list-text\">Precio antes de IVA.<\/span>\n\t\t\t\t\t\t\t\t\t<\/li>\n\t\t\t\t\t\t\t\t<li class=\"elementor-icon-list-item\">\n\t\t\t\t\t\t\t\t\t\t\t<span class=\"elementor-icon-list-icon\">\n\t\t\t\t\t\t\t<i aria-hidden=\"true\" class=\"fas fa-asterisk\"><\/i>\t\t\t\t\t\t<\/span>\n\t\t\t\t\t\t\t\t\t\t<span class=\"elementor-icon-list-text\">Se facturar\u00e1 adicional IVA del 19%.<\/span>\n\t\t\t\t\t\t\t\t\t<\/li>\n\t\t\t\t\t\t<\/ul>\n\t\t\t\t<\/div>\n\t\t\t\t<\/div>\n\t\t\t\t\t\t<\/div>\n\t\t\t\t\t<\/div>\n\t\t<\/div>\n\t\t\t\t\t\t\t\t<\/div>\n\t\t\t\t\t<\/div>\n\t\t<\/section>\n\t\t\t\t\t\t<\/div>\n\t\t\t\t\t<\/div>\n\t\t<\/div>\n\t\t\t\t\t\t\t\t<\/div>\n\t\t\t\t\t<\/div>\n\t\t<\/section>\n\t\t\t\t\t\t<\/div>\n\t\t\t\t\t\t<\/div>\n\t\t\t\t\t<\/div>\n\t\t","protected":false},"excerpt":{"rendered":"<p>FACTURACI\u00d3N ELECTR\u00d3NICA BILLY EST\u00c1NDAR Hasta 100 facturas al mes.* GRATIS Firma digital incluida. Formulario est\u00e1ndar de creaci\u00f3n de facturas electr\u00f3nicas. Componente de administraci\u00f3n de \u00edtems. Formulario de creaci\u00f3n de clientes. Notificaciones en tiempo real a trav\u00e9s de correo electr\u00f3nico. Almacenamiento en base de datos hasta por 5 a\u00f1os. Representaci\u00f3n gr\u00e1fica est\u00e1ndar. M\u00e1s informaci\u00f3n BILLY PLUS [&hellip;]<\/p>\n","protected":false},"author":6,"featured_media":0,"parent":0,"menu_order":0,"comment_status":"closed","ping_status":"closed","template":"elementor_header_footer","meta":[],"_links":{"self":[{"href":"https:\/\/www.billy.com.co\/index.php\/wp-json\/wp\/v2\/pages\/5976"}],"collection":[{"href":"https:\/\/www.billy.com.co\/index.php\/wp-json\/wp\/v2\/pages"}],"about":[{"href":"https:\/\/www.billy.com.co\/index.php\/wp-json\/wp\/v2\/types\/page"}],"author":[{"embeddable":true,"href":"https:\/\/www.billy.com.co\/index.php\/wp-json\/wp\/v2\/users\/6"}],"replies":[{"embeddable":true,"href":"https:\/\/www.billy.com.co\/index.php\/wp-json\/wp\/v2\/comments?post=5976"}],"version-history":[{"count":120,"href":"https:\/\/www.billy.com.co\/index.php\/wp-json\/wp\/v2\/pages\/5976\/revisions"}],"predecessor-version":[{"id":8126,"href":"https:\/\/www.billy.com.co\/index.php\/wp-json\/wp\/v2\/pages\/5976\/revisions\/8126"}],"wp:attachment":[{"href":"https:\/\/www.billy.com.co\/index.php\/wp-json\/wp\/v2\/media?parent=5976"}],"curies":[{"name":"wp","href":"https:\/\/api.w.org\/{rel}","templated":true}]}}